+ 17*w = 78. What is the highest common divisor of w and 130?
26
Let a be 36/9*(-1)/((-8)/6). Calculate the greatest common factor of a and 117.
3
Let q be 105 - (4 - (1 - -2)) - 4. Let f(z) = -z**3 + 5*z**2 + 2*z + 10. Let y be f(5). What is the greatest common divisor of q and y?
20
Let j be ((-5)/15)/(((-4)/(-18))/(-2)). Suppose -v - 1303 = -5*u, -6*v + 8*v = -j*u + 787. What is the greatest common factor of u and 435?
87
Let w be (-12)/2 + (-22 - 599). Let d = -592 - w. What is the greatest common factor of 112 and d?
7
Suppose -2*x = -9*x + 3465. Let n = -444 + 489. What is the greatest common factor of n and x?
45
Let r(n) = 2*n**2 + 8*n - 6. Suppose -54 = -10*q - 4. Let y be r(q). Let p = y - 69. What is the highest common divisor of 105 and p?
15
Let o be (2 - 3)/(26/(-52)). Suppose 0 = 10*i - 12*i + 2*f + 46, -f - 45 = -o*i. Calculate the greatest common factor of i and 176.
22
Suppose 5*d + 98*t - 110804 = 102*t, 5*d + 3*t - 110762 = 0. Calculate the greatest common factor of 116 and d.
116
Let v = 6215 + -5942. Calculate the greatest common divisor of 714 and v.
21
Let u(y) = -11*y - 91. Let r be (5 - (1 - -1)) + -15 + 1. Let w be u(r). What is the highest common factor of w and 360?
30
Let b(a) = -a**3 + 9*a**2 + a - 33. Let n be b(6). Suppose p - 5 = -5*s + 20, s = -4*p + n. Calculate the highest common divisor of p and 580.
20
Let v = -78 + 73. Let f(d) = -3*d - 8. Let s be f(v). Suppose 0 = -3*h + s*h - 512. What is the greatest common factor of h and 8?
8
Suppose 22*l + 2*l + 37 = 133. What is the greatest common factor of 2240 and l?
4
Suppose -2*i - 5355 - 38165 = 0. Let p be ((-6)/(-4))/((-51)/i). What is the greatest common divisor of 20 and p?
20
Suppose 13 = -5*w + 183. Suppose 46 = 5*v - w. Suppose -3*k = -0*k - 24. Calculate the highest common divisor of v and k.
8
Let r = -2082 + 2141. What is the greatest common divisor of r and 5959?
59
Suppose -3*g + 61 = -8. Suppose 8*k - 1735 + 447 = 0. What is the highest common divisor of k and g?
23
Suppose c - 3*c - 8 = 0. Let y be (-7)/(7/(-4))*(-53)/c. Suppose 0 = 2*z - 1 - y. Calculate the greatest common factor of 9 and z.
9
Let a = 24 - 7. Suppose -5*f - 69 = 2*j, -5*j + 2*f - 120 = 4*f. Let v = j + 107. What is the highest common factor of a and v?
17
Suppose -6*a - 7*a + 165 = -5516. Let o(c) = -3*c**3 - 2*c**2 - c + 3. Let t be o(-3). Calculate the highest common divisor of a and t.
23
Let x(v) = -95*v - 9 + 188*v - 101*v. Let o be x(-4). Suppose o + 22 = 3*f. Calculate the greatest common factor of f and 45.
15
Suppose -46*p + 6452 + 29744 = -156268. What is the greatest common divisor of p and 32?
8
Suppose -5*f + 48 = -4*v, -5*f + 29 = -3*v - 22. Let c = 1289 + -1268. What is the highest common factor of f and c?
3
Let k be 0/(2 + -1 + 0). Suppose -33*h + 41*h - 104 = k. Calculate the highest common factor of h and 247.
13
Let z be 20/30*(11176/32 + 145/(-116)). Let s be (-2)/8 + (-33)/(-4). Calculate the highest common divisor of z and s.
8
Let m = -52 + 54. Suppose g + m*g = -3. Let w be ((-2)/6)/(g/42). What is the greatest common factor of 28 and w?
14
Suppose 32*h - 42 = 54. Suppose -4*q = h*z - 1581, 2*q + 4*z = 6*z + 808. Calculate the greatest common divisor of q and 63.
21
Let x(w) = 169*w + 377. Let y be x(-2). Calculate the greatest common factor of y and 507.
39
Suppose 116*f = 16926 + 5694. What is the highest common divisor of 429 and f?
39
Suppose -10*x = 7*k - 8*x - 52, 0 = -2*k - x + 17. What is the highest common factor of k and 4038?
6
Let a(t) = 577*t**2 + 7*t - 8. Let o be a(2). Calculate the highest common divisor of o and 91.
13
Let r = 1155 + -803. Suppose 2*c + 4*f = 7*f + 156, 0 = -2*c - f + 124. Calculate the highest common factor of c and r.
22
Let s be 85/68 + 1/(-8)*-224918. What is the highest common divisor of s and 142?
142
Suppose -4*i - 2*j = -146, 11*i - 13*i + 63 = -j. Calculate the greatest common factor of i and 16.
2
Let s be (-8 + 6)*(2 + -1) - -47. Suppose -5*u = -3*l - 1, 5*l + 0*u = -u + s. Suppose 0 = 7*d + l*d - 3060. What is the greatest common divisor of d and 12?
12
Let b = 597 - 762. Let z be (-1 + 82/6)*b/(-110). What is the highest common factor of z and 133?
19
Suppose -50063 = 6*m + 12505. Let u be 1 - (-10)/(-7) - m/77. Let a = 8 - -7. Calculate the greatest common divisor of u and a.
15
Suppose -t = 5*u - 75, -23*t - 63 = -24*t + u. Calculate the highest common divisor of 26 and t.
13
Let c(x) = x**3 + 46*x**2 + 36*x - 35. Let z be c(-45). Suppose 18*p - 2944 = -z. Calculate the highest common factor of p and 33.
11
Suppose d = 10*g - 28262, -1074 = 4*g + d - 12390. What is the greatest common divisor of g and 22?
11
Let n(h) = h**2 - 125*h + 3918. Let z be n(101). What is the highest common factor of z and 486?
18
Let a = -409 - -400. Let v be (-644)/a - 28/(-63). What is the greatest common factor of 9 and v?
9
Let k = -42 - -60. Let h = k + -15. Let w be 1 + ((-2)/(h - 2) - -29). What is the highest common factor of 70 and w?
14
Let o = -5681 - -5909. What is the greatest common divisor of 12 and o?
12
Suppose -62 = -2*q - 2*m, 2*q - m - 43 = 34. Calculate the greatest common divisor of 1422 and q.
18
Let s be 11/44*(-2200)/(-10). Calculate the greatest common factor of 2915 and s.
55
Let n(a) = 148*a + 445. Let h be n(10). Calculate the highest common factor of h and 14.
7
Let m = 14339 + -13956. What is the highest common factor of 45577 and m?
383
Let o be ((-5)/1)/(15/(-198)). Let n(b) = b**2 - 13*b + 36. Let h be n(10). What is the greatest common factor of h and o?
6
Suppose 0 = -x - 0*x. Suppose 4*d - 4*u - 224 = 0, 2*d + 2*u - 100 = -x*u. Suppose -4*k = -333 + d. What is the highest common divisor of k and 28?
14
Let u be ((-18)/4 + 1)*66/(-3). Let c be 583/3 + 48/(-36). Suppose c - 60 = 19*l. Calculate the highest common divisor of u and l.
7
Suppose -w + 4 = -1. Suppose w*k - 3*l = 7266, -5*l = k - 0*k - 1442. Suppose -4*y + k = 48. Calculate the highest common factor of 39 and y.
39
Let u be (-1 + 5 - -29) + (8 - 1). Calculate the highest common divisor of u and 40.
40
Suppose -44*z + 437 = -355. Suppose -3*r + 6 = -162. Let i = r + 106. What is the highest common factor of z and i?
18
Suppose 4*f + 666 = 7*f. Suppose 5*o = -3*a + 366, 5*a - 3*a - 4*o - f = 0. Calculate the greatest common factor of a and 63.
9
Let n(r) = -3*r**2 + 8*r + 641. Let c be n(-13). Calculate the highest common divisor of 5604 and c.
6
Let j(h) = 3*h - 1. Let r(o) = -o + 2. Let x be r(-4). Let c be j(x). Suppose 0 = -15935*k + 15938*k - 204. What is the highest common divisor of k and c?
17
Let b = 168 - 88. Let h = b - -10. Let s be (6 - (0 - -6)) + 60. Calculate the greatest common divisor of h and s.
30
Suppose -3*z + v = -8, 2*v = -5*z + 3*v + 14. Let x be 90/75*(-20)/z. Let t be (x + 3 - -4)*-36. Calculate the highest common factor of 9 and t.
9
Let p = 64 - -116. Suppose 4*l + 1339 = -3*h, 3*h = -3*l - 1547 + 203. Let w = -408 - h. What is the greatest common divisor of w and p?
45
Let g be 1 + 109 - (-71 + 81). What is the highest common factor of 160 and g?
20
Let l(u) = u**2 + u - 2. Let a be l(5). Suppose a = 3*c - 11. Suppose 0 = -2*h + c*h - 11. Calculate the highest common divisor of 11 and h.
1
Suppose 2*v - p = -7, -v = -4*p - 5 - 2. Let g = 1 - v. Let f(c) = -2*c**3 - 5*c**2 - 4*c + 3. Let d be f(-3). Calculate the highest common factor of g and d.
6
Let w(o) = -20*o + 234. Let m be w(6). Let u = m - 87. What is the highest common divisor of 135 and u?
27
Suppose 185*u - 189*u = -5*k - 779, -2*u + 2*k = -392. Let q be 4/10 + (-1336)/(-10). Calculate the greatest common divisor of u and q.
67
Suppose -4 = x - 7. Suppose -139*b = -421*b + 9306. What is the highest common factor of b and x?
3
Suppose -4*n + 260 = 4*v, 0 = -5*n - 4*v + 116 + 204. Calculate the highest common divisor of n and 1824.
12
Let b be (-2172)/(-33) - (-1 - (-27)/33). Calculate the greatest common divisor of 858 and b.
66
Let g(c) = 25*c**2 + c. Let s be g(1). Let b = -171 - -167. Let q be (b/(-1))/(10/65). Calculate the highest common factor of s and q.
26
Let s(j) = -331*j - 2023. Let n be s(-10). Calculate the greatest common divisor of 66 and n.
33
Let p(g) = 3*g**2 + 85*g - 3248. Let u be p(-50). Let s be (4/(-2))/(-2)*5. Cal